 is -122210 - -22120012?
21220102
In base 11, what is 12834579 - -2?
12834580
In base 3, what is -10121100200212022 - 0?
-10121100200212022
In base 10, what is -78430252 - 5?
-78430257
In base 2, what is 101000110011011010000011 - -100?
101000110011011010000111
In base 8, what is 37412557 - -34?
37412613
In base 3, what is 12202202220 - 112?
12202202101
In base 9, what is -2382 - 73388?
-75781
In base 4, what is -11301101203 - -3?
-11301101200
In base 9, what is -18 - 2634432?
-2634451
In base 7, what is -15 + 321216013?
321215665
In base 4, what is -3 - -1303133322?
1303133313
In base 7, what is -22 - -203142545?
203142523
In base 10, what is -235426093 - -3?
-235426090
In base 13, what is 0 - 2257475?
-2257475
In base 14, what is 1 - 58c0b17?
-58c0b16
In base 3, what is -2 - 100101212210100?
-100101212210102
In base 7, what is 160 + -422521?
-422331
In base 9, what is -4065 - -4365?
300
In base 11, what is -3448 - -10a0?
-2358
In base 4, what is -30232000 - -123333?
-30102001
In base 9, what is -22230 - -22884?
654
In base 12, what is 2 + 2139303?
2139305
In base 9, what is 50650536 + 1?
50650537
In base 7, what is -1401324 + -121?
-1401445
In base 2, what is 1001010 - -10011110111000001?
10011111000001011
In base 3, what is -10000210012212 - -20?
-10000210012122
In base 7, what is 16 - 625466?
-625450
In base 15, what is c4ac2 + ab?
c4b7d
In base 7, what is 10 + 51215425?
51215435
In base 10, what is 13264072 - -7?
13264079
In base 9, what is -1080115 + -781?
-1081006
In base 7, what is 2234 + 231202?
233436
In base 8, what is 2400 + -35144?
-32544
In base 3, what is 100021 - -1120121201?
1120221222
In base 4, what is 33 + 232301012?
232301111
In base 10, what is 10027412 - -7?
10027419
In base 10, what is -45209441 + 12?
-45209429
In base 13, what is -a - 14031a1c?
-14031a29
In base 3, what is 2201011211221 + 12?
2201011212010
In base 9, what is -2 - -10386171?
10386168
In base 14, what is 50a1a1 - -1?
50a1a2
In base 14, what is 4dd95 - -a83?
50a38
In base 15, what is -279 + -1049?
-12c3
In base 11, what is -31553 - 496?
-31a39
In base 7, what is 16526101 - 5?
16526063
In base 16, what is -293 + e646?
e3b3
In base 8, what is 76644 - 1646?
74776
In base 8, what is 1622342156 - 2?
1622342154
In base 6, what is 2520252025 - 4?
2520252021
In base 9, what is 27 + -5212041?
-5212013
In base 9, what is 3 - -2367653?
2367656
In base 6, what is 11352431520 - 1?
11352431515
In base 5, what is -32041 - 110224010?
-110311101
In base 6, what is -550302 + 3435?
-542423
In base 8, what is 3 + 10724073?
10724076
In base 15, what is 5d - -2536?
2594
In base 10, what is -11 + -508206?
-508217
In base 3, what is -111212101120 - -1210121?
-111210120222
In base 12, what is -2 + b6955b6?
b6955b4
In base 7, what is -465220 + 654?
-464233
In base 15, what is d4e7 - -151?
d648
In base 7, what is -1040215141 + -5?
-1040215146
In base 3, what is 2110210121120012 - -2?
2110210121120021
In base 7, what is -100 + 464046?
463646
In base 5, what is -43104144 - -2310?
-43101334
In base 5, what is 4 - 101432440?
-101432431
In base 8, what is 7464 - 143152?
-133466
In base 2, what is -1001101010100000011100001100 - -11?
-1001101010100000011100001001
In base 7, what is -20514 + -130?
-20644
In base 16, what is -3 - -2e5647?
2e5644
In base 11, what is -5 - -a68a95a?
a68a955
In base 15, what is -192b33 - -9?
-192b29
In base 7, what is -21 - -63426142?
63426121
In base 14, what is 8 + -3314da1?
-3314d97
In base 7, what is 3402536 - -1030?
3403566
In base 7, what is -233015130 - 0?
-233015130
In base 5, what is -110401114300 - 0?
-110401114300
In base 4, what is 223010023330121 + -2?
223010023330113
In base 5, what is -13401431 + -2103?
-13404034
In base 5, what is 4121323323 - -12?
4121323340
In base 7, what is -5 - -5643106060?
5643106052
In base 6, what is 1225 + 525022?
530251
In base 11, what is -2a985 - -124?
-2a861
In base 3, what is 100101001222102 - 222?
100101001221110
In base 6, what is -2313212013 - -1?
-2313212012
In base 11, what is 6 - 14370962a?
-143709624
In base 10, what is 1078 - 232976?
-231898
In base 6, what is -125553 + 1345544?
1215551
In base 13, what is -31 + 49aaab?
49aa7a
In base 6, what is -21322 - -25030?
3304
In base 2, what is -1100 + 10000001111110111111011?
10000001111110111101111
In base 16, what is -191967f - -7?
-1919678
In base 16, what is -4115f5 + 1b?
-4115da
In base 5, what is -1 + -211302430000?
-211302430001
In base 16, what is -b712 + bb?
-b657
In base 12, what is -139906 + -496?
-13a1a0
In base 5, what is -21112 - -32022?
10410
In base 5, what is 1 - 1324204043?
-1324204042
In base 10, what is -4072 + 25721?
21649
In base 4, what is 2121230 + 122230?
2310120
In base 12, what is 499284 - a?
499276
In base 4, what is -1111111222 + -2?
-1111111230
In base 3, what is 1202 + 10211010020?
10211011222
In base 8, what is 2423367372 + 5?
2423367377
In base 9, what is 8 + 3567484?
3567503
In base 4, what is 1121 + -102131020?
-102123233
In base 14, what is -85c6a739 + 2?
-85c6a737
In base 6, what is -4225444 - -34?
-4225410
In base 9, what is -635 - 6242?
-6877
In base 13, what is -31b34265 + -2?
-31b34267
In base 16, what is -14 - 2b6db?
-2b6ef
In base 12, what is 16b3ab7b + 3?
16b3ab82
In base 10, what is 2 + -20999937?
-20999935
In base 7, what is -1 - 2023654?
-2023655
In base 14, what is 3 + -4083833?
-4083830
In base 15, what is 2 + 1c4732?
1c4734
In base 10, what is 87937214 - -1?
87937215
In base 5, what is -23 - -1440143322?
1440143244
In base 14, what is 15125b06 - -2?
15125b08
In base 9, what is 12860 - 11?
12848
In base 15, what is -4 + dda0c4?
dda0c0
In base 10, what is 0 - 2817373?
-2817373
In base 13, what is 12c28a + 23?
12c2b0
In base 10, what is 2936218616 + 4?
2936218620
In base 15, what is -c8 + -18ed9?
-190b2
In base 9, what is 285 + 375244?
375540
In base 2, what is 11 - 10101100110011100111010001001?
-10101100110011100111010000110
In base 15, what is 38d8c0 - -22?
38d8e2
In base 16, what is -1fcfbb + 163?
-1fce58
In base 7, what is -3 + 3333460150?
3333460144
In base 16, what is 20b0 + -27d?
1e33
In base 5, what is -1 - 4322233?
-4322234
In base 7, what is -501165 + 544?
-500321
In base 15, what is 11b + 9091?
91ac
In base 10, what is -161 + -669522?
-669683
In base 10, what is -74783 + -172?
-74955
In base 10, what is -3 - -7800024?
7800021
In base 15, what is -c48 + 1886?
b3d
In base 2, what is 100 + 1011100100111001110100000101?
1011100100111001110100001001
In base 9, what is 372 - -242856?
243338
In base 7, what is 103 - -6516014?
6516120
In base 3, what is -20022200121 + -2222?
-20022210120
In base 6, what is -3 + 5022033200?
5022033153
In base 9, what is -5 - -15210002?
15208886
In base 13, what is 8a + 173287?
173344
In base 16, what is -6e79 + 5dc?
-689d
In base 5, what is 1432020 - -4022?
1441042
In base 13, what is -5 - 304a359?
-304a361
In base 3, what is -12112020002 + -2112210?
-12121202212
In base 4, what is -1012 + -310211103?
-310212121
In base 3, what is 102002220200222 + 11?
102002220201010
In base 4, what is 11022001313 + -200?
11022001113
In base 5, what is 131014414433 + 11?
131014414444
In base 4, what is 120 + 2002031011?
2002031131
In base 13, what is 10176 + b6?
1025c
In base 3, what is 12 + -20122021201212202?
-20122021201212120
In base 7, what is 661353560 - 0?
661353560
In base 16, what is b537 + -1475?
a0c2
In base 6, what is -5 - -104032522?
104032513
In base 10, what is -4 + -1027075?
-1027079
In base 12, what is -16981 + 377?
-16606
In base 2, what is -1101101110 + 100001110111010?
100000001001100
In base 9, what is 127365076 + 21?
127365107
In base 12, what is -2b40b89 + 5?
-2b40b84
In base 2, what is -10111000010 + -111101100100010001?
-111101111011010011
In base 9, what is -484330 - 810?
-485240
In base 9, what is 2434523 - -20?
2434543
In base 16, what is 3e4 + -1324?
-f40
In base 11, what is -4 - 1740310?
-1740314
In base 3, what is 12211211 - 120022?
12021112
In base 15, what is -3b98 + -1bc1?
-5869
In base 11, what is -898a7 + 369?
-89539
In base 12, what is -13 + 3bb141b?
3bb1408
In base 8, what is 1 - -4473554?
4473555
In base 12, what is 64 + 91697a?
916a22
In base 13, what is 132678 + -c2?
132586
In base 15, what is -191b33 + b0?
-191a73
In base 8, what is 114141475 + 11?
11